3*p = -11 + 76. Let o be y(p). Let g(w) = -17*w - 1. What is g(o)?
16
Suppose 0 = -3*x + 2*c - 50, -11*x - 3*c = -16*x - 86. Let b(l) = -4*l**2 - 88*l - 13. Give b(x).
-13
Let f(a) = a**2 - 16*a - 17. Suppose 592*x = 584*x. Let y(c) = 26*c + 17. Let u be y(x). Give f(u).
0
Let c(l) = -l**2 + l + 9. Let w be (((-64)/3)/4)/((-1)/3). Let v be 7/56 + 46/w. What is c(v)?
3
Let g(r) = -13*r**3 - 5*r**2 + 12*r - 12. Let l(s) = 3*s**3 - s**2 - s. Let x(p) = -g(p) - 4*l(p). Give x(-10).
-8
Let p(y) = 2*y - 5. Let c(k) = -2*k**2 - 70*k - 119. Let u be c(-33). Calculate p(u).
21
Let w(i) be the first derivative of i**3/3 + 3*i**2 - 3*i - 2. Suppose -197 + 371 = 3*l + 189. Determine w(l).
-8
Let u(q) be the second derivative of -q**3/6 + 1346*q. Suppose 0 - 4 = -4*d - 2*k, -17 = d + 5*k. Give u(d).
-3
Suppose -9*j + 84 = -78. Let h(c) = c**2 - 21*c + 21. Give h(j).
-33
Let s = -12968 + 12976. Let i(r) = -r**3 + 9*r**2 - 8*r + 6. Determine i(s).
6
Suppose 0 = g - 13*g - 180. Let r be (-5)/15*-6 + g. Let j(c) = -c**3 - 12*c**2 + 13*c - 11. Give j(r).
-11
Let t(g) be the second derivative of -g**5/20 + 17*g**4/12 + g**2/2 + 5827*g. What is t(17)?
1
Let r(k) = -k**3 - 9*k**2 - k - 3. Let q be r(-9). Suppose i = 5, 5*i = q*f - f - 5. Let l(y) = -11*y - f - 14*y + 17*y - y**2. Calculate l(-7).
1
Let q(b) be the second derivative of 1/6*b**3 + 0 + 45*b - 11/2*b**2. Give q(5).
-6
Let l(j) = -9*j - 10. Suppose 124*k - 127*k - 3 = 0. Determine l(k).
-1
Let r be (-172)/22 + (-6)/33. Let y(n) be the second derivative of 5/2*n**2 + 0 + 1/3*n**3 + 25*n. Calculate y(r).
-11
Let o(c) = 94*c - 142 - 23*c - 18*c - 40*c. Calculate o(10).
-12
Let m(y) = 3*y**2 + 17*y - 3. Suppose 2*z - 3*q = 2, 4*z - 5*q - 8 + 0 = 0. Let d(n) = 4*n**2 + 25*n - 4. Let o(v) = z*m(v) - 5*d(v). Calculate o(5).
-6
Let r(q) = -7*q**2 + 2*q**2 + 8*q**2 - 10 - 9*q**2 - 9*q - q**3 - 13. Calculate r(-5).
-3
Let c(a) = 41*a + 282. Let n = 46677 + -46684. Calculate c(n).
-5
Suppose 23*m = 16*m + 35. Suppose -4*t = 5*g - 57, 0 = t - 2*g + m - 3. Let n(h) = -h**2 + 9*h + 4. Determine n(t).
12
Let f(s) be the second derivative of -s**4/4 - s**3/2 - s**2 - 3*s. Suppose 0 = -u - 9*u + 50. Suppose -u*j = -8 + 23. Give f(j).
-20
Let f(b) = 7*b + 1. Let z be (9/2)/(5/(-30)). Let c be ((3 + 3)/3)/((-2)/z). Let g be -1*(-4)/(-18) - 21/c. What is f(g)?
-6
Let b(z) be the third derivative of -z**4/4 + 7*z**3/3 - 2231*z**2. Give b(10).
-46
Let z(u) = -2*u**2 + 4. Let b(r) = 13*r**2 - 35*r - 22. Let v(i) = b(i) + 6*z(i). Give v(35).
2
Let f(a) = -a**3 - 15*a**2 - 13*a + 7. Let b(p) = p**2 - 33*p - 84. Let i(y) = 4*y + 19. Let l be i(4). Let m be b(l). Give f(m).
-7
Let a(w) = w**2 - 7*w. Let p = 157 - 80. Let v(u) = -209*u + 1062. Let k be v(5). Suppose 6*r - k*r + p = 0. What is a(r)?
0
Let m(a) be the third derivative of 0 + 1/24*a**4 - 1/6*a**3 - 50*a**2 + 0*a. Let p be (0/(-2))/(-3 + 4). Determine m(p).
-1
Let z(o) be the first derivative of o**4/4 - 4*o**3/3 - 5*o**2/2 + 6*o - 17826. Let g = -9 + 8. Let x be 1 - 1/g*3. What is z(x)?
-14
Suppose -z - 2*y + 7 = 0, 25*z = 27*z - 2*y + 16. Let w(r) = -3*r + 2. Determine w(z).
11
Let q(v) = -v + 11. Let z be (-1 + -4)*((-6)/(-2) + -4). Let n(k) = -6*k + z*k + 13 - 3. Let l(b) = 7*n(b) - 6*q(b). Give l(-4).
8
Let f(w) = -7*w - 42. Let d be f(-6). Let i = -22 - -27. Let u(q) = q**2 - 3*q - 22. Let l(t) = t**2 - 4*t - 22. Let g(p) = i*u(p) - 4*l(p). Give g(d).
-22
Let r(w) be the first derivative of 5*w - 1/3*w**3 - 291 + 0*w**2. What is r(3)?
-4
Let m(u) = -2*u + 64. Suppose 979*b = 963*b. Calculate m(b).
64
Let f(c) be the third derivative of c**4/6 - c**3/3 - 4*c**2. Let g(q) = -q**2 + 5*q + 48. Let j be (-27)/5 + 3/(-45)*-6. Let y be g(j). Determine f(y).
-10
Let t(k) = -k**3 - 12*k**2 - 11*k - 2. Let u = 176 + -179. Let j be 0 + -2 - ((u - 0) + 12). Give t(j).
-2
Suppose -16 = -3*a - 4*s + 9*s, -a = s. Let q(h) = -137 - 4*h - h**a + 67 + 67. Determine q(-2).
1
Let c(v) = 9*v**2 + 2*v - 6. Let s be c(-4). Suppose -134 = 2*p - s. Let i(h) = -2*h**3 - 6*h**2 - 2*h - 3. Let d be i(p). Let x(n) = 2*n - 1. Calculate x(d).
-15
Let j(v) = 77*v**3 + 7*v**2 + 12*v + 22. Let p(b) = -40*b**3 - 4*b**2 - 7*b - 13. Let k(r) = 3*j(r) + 5*p(r). Calculate k(-1).
-30
Suppose 0 = y - 2*f - 8, 3*f - 35 = -41. Let k(x) = x**3 - x**2 - 9*x + 5. Calculate k(y).
17
Let q(z) be the second derivative of z**5/20 - z**4/2 - 7*z**3/6 + 3*z**2 - 27*z - 44. Calculate q(5).
-54
Suppose -2*h + 0*h = -216. Suppose 18*a = 15*a + h. Let y(o) = 45 - a + 2*o + 0*o. Determine y(-7).
-5
Let b(t) = -2*t**2 + 4*t + 1. Let h = 63 + -117. Let i = h + 82. Let n be 2/(-4 + i/6). Determine b(n).
-5
Let o(y) = -3*y**2 + 30. Let v = -6148 + 6143. Give o(v).
-45
Let l(z) = -696 + 1368 - 669 + z. Determine l(3).
6
Let z be 9 + (-184)/16 - (-41)/2. Let y(g) = 2*g - 1. Let w(s) = 17*s - 8. Let m(j) = z*y(j) - 2*w(j). Determine m(11).
20
Let h(l) = -1 + 17 + 0*l + 13*l + l**2. Let u be h(-9). Let c = u + 25. Let q(r) = -r**2 + 2*r + 4. Determine q(c).
-11
Let r(k) = -13*k**3 - 8*k**2 + 779*k + 12*k**3 - 6 - 788*k. Give r(-9).
156
Let l(m) be the second derivative of -m**4/12 - 2*m**3/3 + m**2 - 2*m. Let g = -533 + 528. Give l(g).
-3
Let h(c) be the second derivative of c**5/20 - c**4/3 + 5*c**3/6 - 21*c**2/2 - 5535*c. Determine h(4).
-1
Let i(p) be the third derivative of 5*p**4/24 + 146*p**3/3 + 49*p**2. Give i(-57).
7
Let i(o) be the first derivative of -o**2 + o - 1. Let q(h) = -9*h**3 + 5*h**2 - 3*h + 1. Suppose -782*p - 2 = -784*p. Let m be q(p). Determine i(m).
13
Let v(p) = 234*p + 17 + 239*p + 27 - 465*p. Calculate v(-9).
-28
Let i = -7 + 9. Let x(p) = 6*p + 2*p + 4*p - 8*p. Give x(i).
8
Let f(s) = 6808*s + 1295. Let c(g) = -74*g - 14. Let p(l) = 185*c(l) + 2*f(l). What is p(1)?
-74
Let t(r) be the second derivative of 3 + 1/20*r**5 - 3*r**2 + 7/6*r**3 + 7/12*r**4 - 55*r. Determine t(-5).
9
Suppose 1759*z = 1753*z - 12. Let d be (4 - z) + -4 + (-5 - -6). Let p(q) = 2*q - 4. Give p(d).
2
Let g(b) = -3*b + 5 + 3*b + 53*b**3 + 26*b**3 - 17*b**2 - 78*b**3. Determine g(17).
5
Let z(n) = -9*n**2 - 3*n - 137. Let g(h) = -4*h**2 - 2*h - 59. Let f(j) = -7*g(j) + 3*z(j). What is f(-4)?
-2
Let d be 3 - (20/(-4))/(-5). Let g = d - 1. Let b(s) = -14*s + 25. Let l(q) = 5*q - 9. Let n(m) = 4*b(m) + 11*l(m). Give n(g).
0
Suppose -d + 549 = -221*d - 1211. Let r(g) = -2*g - 20. Calculate r(d).
-4
Let i(d) = d**3 + 5*d**2 + d - 1. Let n(o) = -3*o**2 - 13*o - 16. Suppose 14 + 4 = -9*q. Let r be n(q). Give i(r).
9
Let u(y) be the first derivative of y**4 + 2*y**3/3 - 3*y**2 - 10*y - 3368. Calculate u(-3).
-82
Let s = -25656 - -25685. Let c(q) = -4*q + 118. Give c(s).
2
Let f(o) = 4*o + 0 - 13*o + 2. Let r be (7/1 - 27)/((-4)/2). Suppose 5*t + 0*t - r = 0. Calculate f(t).
-16
Let f be 168/(-120) + (-576)/(-40). Let q(h) = 4*h - 40. Determine q(f).
12
Let j(s) = s**3 + 17*s**2 + 14*s - 36. Let a(p) = -p**2 + 16*p + 209. Let w be a(-9). Give j(w).
-4
Let r(t) be the first derivative of -t**3/3 - 7*t**2 - 20*t - 1808. What is r(-8)?
28
Suppose 5*t - 24 = -24. Let c(x) = t*x - 13*x + 8*x + 4*x. Suppose 0 = -3*u + 5*k - 34, -2*u + k + 4 = -5*u. What is c(u)?
3
Let g(o) = 4*o**3 - 3*o**2 + 3*o - 6. Let c(p) = p**3 + p - 1. Let j(z) = -5*c(z) + g(z). Let l = -1413 - -1406. Let x be (2/l)/((15 + -7)/56). Calculate j(x).
-1
Let t(f) = f - 5. Let v be t(7). Let w = -845 - -850. Let d(u) = -12*u - 4. Let n(l) = -5*l - 1. Let h(z) = w*n(z) - 2*d(z). What is h(v)?
1
Let x(g) = -g - 2. Let h(d) = -d - 1. Let v(l) = -6*h(l) + 5*x(l). Let b = 142823 - 142829. Give v(b).
-10
Suppose 3*b = -2*o - 17, 0*b + 3*b + 12 = 3*o. Let j(s) = -s - 4. Let q be j(b). Let c(r) = -r**3 - 78*r**2 - 7*r + 9*r + 76*r**2 - 7*r**3 - 1. Calculate c(q).
-9
Suppose 4*q + 122 - 58 = 0. Let i be ((-7)/(-2))/(8/q). Let b(r) = -6*r**3 + 7*r**3 + 8*r**2 - 5 + 13 + 8*r. Determine b(i).
1
Let y(i) be the first derivative of 2*i**2 - 31*i + 2002. What is y(9)?
5
Let o be 2 + 6/(-3)*37. Let c be 40/6*o/(-15). Let k(r) = 36*r - 64*r - 6 + c*r. Calculate k(4).
10
Let j(r) = 13*r - 101. Let y(f) = 28*f - 210. Let u(x) = 5*j(x) - 2*y(x). Give u(10).
5
Let p(a) be the first derivative of -a**3/3 - 7*a**2/2 - 7*a - 78. Let w(y) = y**2 + 10*y + 1. Let b be w(-10). Let u be (-12)/8*b